{"id":221,"date":"2018-03-17T15:47:29","date_gmt":"2018-03-17T14:47:29","guid":{"rendered":"http:\/\/rafaljedrzejka.pl\/?page_id=221"},"modified":"2018-11-26T19:36:00","modified_gmt":"2018-11-26T18:36:00","slug":"artysci","status":"publish","type":"page","link":"https:\/\/rafaljedrzejka.pl\/?page_id=221","title":{"rendered":""},"content":{"rendered":"<p><img decoding=\"async\" loading=\"lazy\" class=\"alignnone size-medium wp-image-48\" src=\"http:\/\/rafaljedrzejka.pl\/wp-content\/uploads\/2018\/01\/cropped-IMGP8160-300x180.jpg\" alt=\"\" width=\"300\" height=\"180\" srcset=\"https:\/\/rafaljedrzejka.pl\/wp-content\/uploads\/2018\/01\/cropped-IMGP8160-300x180.jpg 300w, https:\/\/rafaljedrzejka.pl\/wp-content\/uploads\/2018\/01\/cropped-IMGP8160-768x460.jpg 768w, https:\/\/rafaljedrzejka.pl\/wp-content\/uploads\/2018\/01\/cropped-IMGP8160-1024x614.jpg 1024w, https:\/\/rafaljedrzejka.pl\/wp-content\/uploads\/2018\/01\/cropped-IMGP8160.jpg 2000w\" sizes=\"(max-width: 300px) 100vw, 300px\" \/>\u00a0 \u00a0 \u00a0\u00a0<img decoding=\"async\" loading=\"lazy\" class=\"alignnone size-medium wp-image-249\" src=\"http:\/\/rafaljedrzejka.pl\/wp-content\/uploads\/2018\/03\/ingrid111-300x199.jpg\" alt=\"\" width=\"300\" height=\"199\" srcset=\"https:\/\/rafaljedrzejka.pl\/wp-content\/uploads\/2018\/03\/ingrid111-300x199.jpg 300w, https:\/\/rafaljedrzejka.pl\/wp-content\/uploads\/2018\/03\/ingrid111-768x509.jpg 768w, https:\/\/rafaljedrzejka.pl\/wp-content\/uploads\/2018\/03\/ingrid111.jpg 800w\" sizes=\"(max-width: 300px) 100vw, 300px\" \/>\u00a0 \u00a0\u00a0\u00a0\u00a0<img decoding=\"async\" loading=\"lazy\" class=\"alignnone size-medium wp-image-248\" style=\"font-style: inherit; letter-spacing: 0px;\" src=\"http:\/\/rafaljedrzejka.pl\/wp-content\/uploads\/2018\/03\/ingrid2-300x200.jpg\" alt=\"\" width=\"300\" height=\"200\" srcset=\"https:\/\/rafaljedrzejka.pl\/wp-content\/uploads\/2018\/03\/ingrid2-300x200.jpg 300w, https:\/\/rafaljedrzejka.pl\/wp-content\/uploads\/2018\/03\/ingrid2.jpg 600w\" sizes=\"(max-width: 300px) 100vw, 300px\" \/><img decoding=\"async\" loading=\"lazy\" class=\"alignnone size-medium wp-image-50\" style=\"font-family: inherit; font-style: inherit; letter-spacing: 0px;\" src=\"http:\/\/rafaljedrzejka.pl\/wp-content\/uploads\/2018\/01\/IMGP0912_filtered-300x199.jpg\" alt=\"\" width=\"300\" height=\"199\" srcset=\"https:\/\/rafaljedrzejka.pl\/wp-content\/uploads\/2018\/01\/IMGP0912_filtered-300x199.jpg 300w, https:\/\/rafaljedrzejka.pl\/wp-content\/uploads\/2018\/01\/IMGP0912_filtered.jpg 600w\" sizes=\"(max-width: 300px) 100vw, 300px\" \/><span style=\"font-size: 14px; letter-spacing: 0px;\">\u00a0 \u00a0\u00a0\u00a0\u00a0<\/span><img decoding=\"async\" loading=\"lazy\" class=\"alignnone size-medium wp-image-251\" style=\"font-family: inherit; font-style: inherit; letter-spacing: 0px;\" src=\"http:\/\/rafaljedrzejka.pl\/wp-content\/uploads\/2018\/03\/ingrid333-300x199.jpg\" alt=\"\" width=\"300\" height=\"199\" srcset=\"https:\/\/rafaljedrzejka.pl\/wp-content\/uploads\/2018\/03\/ingrid333-300x199.jpg 300w, https:\/\/rafaljedrzejka.pl\/wp-content\/uploads\/2018\/03\/ingrid333-768x509.jpg 768w, https:\/\/rafaljedrzejka.pl\/wp-content\/uploads\/2018\/03\/ingrid333.jpg 800w\" sizes=\"(max-width: 300px) 100vw, 300px\" \/>\u00a0 \u00a0 \u00a0\u00a0<img decoding=\"async\" loading=\"lazy\" class=\"alignnone size-medium wp-image-254\" style=\"font-style: inherit; letter-spacing: 0px;\" src=\"http:\/\/rafaljedrzejka.pl\/wp-content\/uploads\/2018\/03\/ingridb3-300x199.jpg\" alt=\"\" width=\"300\" height=\"199\" srcset=\"https:\/\/rafaljedrzejka.pl\/wp-content\/uploads\/2018\/03\/ingridb3-300x199.jpg 300w, https:\/\/rafaljedrzejka.pl\/wp-content\/uploads\/2018\/03\/ingridb3.jpg 550w\" sizes=\"(max-width: 300px) 100vw, 300px\" \/><br \/>\n<img decoding=\"async\" loading=\"lazy\" class=\"alignnone size-medium wp-image-252\" style=\"font-family: inherit; font-style: inherit; letter-spacing: 0px;\" src=\"http:\/\/rafaljedrzejka.pl\/wp-content\/uploads\/2018\/03\/ingridb1-300x199.jpg\" alt=\"\" width=\"300\" height=\"199\" srcset=\"https:\/\/rafaljedrzejka.pl\/wp-content\/uploads\/2018\/03\/ingridb1-300x199.jpg 300w, https:\/\/rafaljedrzejka.pl\/wp-content\/uploads\/2018\/03\/ingridb1.jpg 550w\" sizes=\"(max-width: 300px) 100vw, 300px\" \/><span style=\"font-size: 14px; letter-spacing: 0px;\">\u00a0 \u00a0 \u00a0\u00a0<\/span><img decoding=\"async\" loading=\"lazy\" class=\"alignnone size-medium wp-image-256\" style=\"font-family: inherit; font-style: inherit; letter-spacing: 0px;\" src=\"http:\/\/rafaljedrzejka.pl\/wp-content\/uploads\/2018\/03\/velvet2-300x199.jpg\" alt=\"\" width=\"300\" height=\"199\" srcset=\"https:\/\/rafaljedrzejka.pl\/wp-content\/uploads\/2018\/03\/velvet2-300x199.jpg 300w, https:\/\/rafaljedrzejka.pl\/wp-content\/uploads\/2018\/03\/velvet2.jpg 600w\" sizes=\"(max-width: 300px) 100vw, 300px\" \/>\u00a0 \u00a0 \u00a0\u00a0<img decoding=\"async\" loading=\"lazy\" class=\"alignnone size-medium wp-image-247\" style=\"font-family: inherit; font-style: inherit; letter-spacing: 0px;\" src=\"http:\/\/rafaljedrzejka.pl\/wp-content\/uploads\/2018\/03\/ingrid1-300x200.jpg\" alt=\"\" width=\"300\" height=\"200\" srcset=\"https:\/\/rafaljedrzejka.pl\/wp-content\/uploads\/2018\/03\/ingrid1-300x200.jpg 300w, https:\/\/rafaljedrzejka.pl\/wp-content\/uploads\/2018\/03\/ingrid1.jpg 600w\" sizes=\"(max-width: 300px) 100vw, 300px\" \/><\/p>\n<h1>Rezerwat<\/h1>\n<h5>Tej kapeli nie trzeba chyba przedstawia\u0107. To kawa\u0142 historii polskiego rocka z lat 80-tych. Do\u0142\u0105czy\u0142em do zespo\u0142u po reaktywacji w 2002 roku i sp\u0119dzi\u0142em tam prawie 5 lat.<br \/>\nCo tu wi\u0119cej pisa\u0107, by\u0142o czadowo. Po prostu rock&#8217;n&#8217;roll.<\/h5>\n<h1>In-Grid<\/h1>\n<h5>To by\u0142a dla mnie zupe\u0142na nowo\u015b\u0107. Zawsze obraca\u0142em si\u0119 raczej w okolicach szeroko poj\u0119tego rocka, jazzu i funky, a tu masz. Dance music. Ale uda\u0142o si\u0119. Zacz\u0105\u0142em gra\u0107 koncerty z In-grid w 2008 roku i zosta\u0142em na 4 lata \ud83d\ude42<\/h5>\n<h1>Velvet<\/h1>\n<h5>W tym przypadku nie prze\u017cy\u0142em ju\u017c takiego szoku, bo rok wcze\u015bniej zacz\u0119\u0142a si\u0119 moja przygoda z In-Grid. Tym bardziej, \u017ce wersje koncertowe utwor\u00f3w Velvet maj\u0105 sporo rockowego drive&#8217;u i funkuj\u0105cych rytm\u00f3w. \u015awietna zabawa w doborowym towarzystwie.<\/h5>\n<h1>Ziemek Kosmowski<\/h1>\n<h5>Artysta, z kt\u00f3rym mam przyjemno\u015b\u0107 wsp\u00f3\u0142pracowa\u0107 od ponad dziesi\u0119ciu lat. Co jaki\u015b czas nasze drogi si\u0119 krzy\u017cuj\u0105 i wtedy dok\u0142adam swoje 3 grosze.<br \/>\nOstatnie takie zetkni\u0119cie to koncerty w ramach projektu\u00a0<a href=\"http:\/\/www.folkowa.art.pl\/kosmofski-tytu%C5%82u-brak-recenzja-2309.html\" target=\"_blank\" rel=\"noopener\"><strong>Kosmofski<\/strong><\/a>, gdzie go\u015bcinnie \u015bpiewa\u0142 te\u017c\u00a0<strong>Muniek Staszczyk<\/strong>. Fajna muza. Jak zawsze.<\/h5>\n<h1>Edi Ann<\/h1>\n<h5>Edi jest odjechana na maksa. Ponadto posiada totalnie czarny wokal, kt\u00f3ry rozwala od pierwszych d\u017awi\u0119k\u00f3w. Reszta sk\u0142adu, z kt\u00f3rym koncertowali\u015bmy, nie ust\u0119puje jej w \u017cadnej dziedzinie:) Kto nie s\u0142ucha\u0142 niech \u017ca\u0142uje.<\/h5>\n<h1>Dying Age<\/h1>\n<h5>Tego nie pami\u0119taj\u0105 ju\u017c nawet najstarsi g\u00f3rale, a taki jeden gra\u0142 z nami na basie:) Zaczynali\u015bmy na pocz\u0105tku lat 90-tych. Grali\u015bmy co\u015b, co nazywa\u0142o si\u0119\u00a0<em>doom metal<\/em>, kiedy w Polsce ma\u0142o kto s\u0142ysza\u0142 o zespo\u0142ach takich jak\u00a0<strong>Tiamat<\/strong>\u00a0czy\u00a0<strong>My Dying Bride<\/strong>. A\u017c \u0142za si\u0119 w oku kr\u0119ci. Wskoczcie do Galerii, gdzie umie\u015bci\u0142em par\u0119 fotek, a nied\u0142ugo wrzuc\u0119 te\u017c jakie\u015b\u00a0<i>empetr\u00f3jki<\/i>, cho\u0107 wtedy materia\u0142 nagrywa\u0142o si\u0105 na DAT-a\u2026<\/h5>\n<h1>Freddy Quinn<\/h1>\n<h5>Freddy Quinn by\u0142 pierwszym artyst\u0105 spoza naszego kraju, z kt\u00f3rym mia\u0142em okazj\u0119 wsp\u00f3\u0142pracowa\u0107. Dzia\u0142o si\u0119 to w 2001 roku i by\u0142y to jednocze\u015bnie moje pierwsze do\u015bwiadczenia z orkiestr\u0105. Odbyli\u015bmy tras\u0119 koncertow\u0105 po Niemczech &#8211; codziennie inne miasto, inny hotel, tylko rozk\u0142ad dnia jak w wojsku \ud83d\ude42 Niez\u0142a szko\u0142a \u017cycia.<\/h5>\n<h6>cdn.<\/h6>\n","protected":false},"excerpt":{"rendered":"<p>\u00a0 \u00a0 \u00a0\u00a0\u00a0 \u00a0\u00a0\u00a0\u00a0\u00a0 \u00a0\u00a0\u00a0\u00a0\u00a0 \u00a0 \u00a0\u00a0 \u00a0 \u00a0 \u00a0\u00a0\u00a0 \u00a0 \u00a0\u00a0 Rezerwat Tej kapeli nie trzeba chyba przedstawia\u0107. To kawa\u0142 historii polskiego rocka z lat 80-tych. Do\u0142\u0105czy\u0142em do zespo\u0142u po reaktywacji w 2002 roku i sp\u0119dzi\u0142em tam prawie 5 lat. Co tu wi\u0119cej pisa\u0107, by\u0142o czadowo. Po prostu rock&#8217;n&#8217;roll. In-Grid To by\u0142a dla mnie <a class=\"read-more\" href=\"https:\/\/rafaljedrzejka.pl\/?page_id=221\">READ MORE<\/a><\/p>\n","protected":false},"author":1,"featured_media":0,"parent":0,"menu_order":0,"comment_status":"closed","ping_status":"closed","template":"","meta":{"footnotes":""},"_links":{"self":[{"href":"https:\/\/rafaljedrzejka.pl\/index.php?rest_route=\/wp\/v2\/pages\/221"}],"collection":[{"href":"https:\/\/rafaljedrzejka.pl\/index.php?rest_route=\/wp\/v2\/pages"}],"about":[{"href":"https:\/\/rafaljedrzejka.pl\/index.php?rest_route=\/wp\/v2\/types\/page"}],"author":[{"embeddable":true,"href":"https:\/\/rafaljedrzejka.pl\/index.php?rest_route=\/wp\/v2\/users\/1"}],"replies":[{"embeddable":true,"href":"https:\/\/rafaljedrzejka.pl\/index.php?rest_route=%2Fwp%2Fv2%2Fcomments&post=221"}],"version-history":[{"count":16,"href":"https:\/\/rafaljedrzejka.pl\/index.php?rest_route=\/wp\/v2\/pages\/221\/revisions"}],"predecessor-version":[{"id":534,"href":"https:\/\/rafaljedrzejka.pl\/index.php?rest_route=\/wp\/v2\/pages\/221\/revisions\/534"}],"wp:attachment":[{"href":"https:\/\/rafaljedrzejka.pl\/index.php?rest_route=%2Fwp%2Fv2%2Fmedia&parent=221"}],"curies":[{"name":"wp","href":"https:\/\/api.w.org\/{rel}","templated":true}]}}